umber?
False
Let a = -86 + 89. Let f(u) = -131*u**3 - 2*u**2 - 2*u + 3. Let o be f(a). Is -1 + 2 + 4 - o a prime number?
False
Let p be 4/38 + (-13739184)/(-912). Suppose 0 = t - 9*t. Suppose t = 14*k - 9*k - p. Is k composite?
True
Let t(d) = 1156*d + 2. Let v(y) = 1155*y + 2. Let s(a) = -4*t(a) + 3*v(a). Is s(-1) a prime number?
False
Suppose 9*d - 3*d = 0. Suppose d = 2*k - 0*k - 4. Suppose -k*n + 848 + 1574 = 0. Is n composite?
True
Let w = 39 - 97. Let y = 63 + w. Suppose -a - 3*v - 946 = -y*a, 1179 = 5*a - 2*v. Is a prime?
False
Let p be 0 - 46/(-8) - (-9)/36. Suppose 5*u - 26 = -p, u = 4*z - 34592. Let v = -5102 + z. Is v a prime number?
True
Let a(j) = 3*j + 8. Let o be a(-4). Let p be (o/(-16))/(18/16 - 1). Suppose 0*g + 1082 = p*g. Is g prime?
True
Suppose -5936533 - 2001365 = -138*z. Is z a prime number?
False
Let g(c) = -6*c - 12. Let m be g(-7). Let n(l) = -60*l + m*l + 18 + 7. Is n(-9) a prime number?
False
Let a(r) be the third derivative of -1437*r**4/8 + 5*r**3/3 - 171*r**2. Is a(-1) composite?
True
Let o(w) = 46875*w**2 - 501*w + 1005. Is o(2) composite?
True
Let n(b) = -11*b - 4. Let z be n(-1). Let d(a) = 2*a**3 - 8*a**2 - a + 8. Is d(z) composite?
True
Let i be -1*233 + 0 + 1. Let s = -480 + 1253. Let t = s + i. Is t a composite number?
False
Let b(d) = -3*d**2 + 4*d. Let i be b(2). Let q be 2/(-8)*1*i. Is (-1)/(-4) + q/((-16)/(-28140)) prime?
True
Suppose -t = -39*s + 36*s - 1765166, 17*t - 30008172 = s. Is t prime?
True
Is (-12 - (-3 - 3) - -5) + -2 + 474912 prime?
False
Let d be (135/165 - 2/(-11)) + -5. Is (-101796)/(-136)*d*2/(-12) a composite number?
False
Suppose 4*s + 3*s = 756. Suppose 0 = -10*o + o + s. Suppose o*n - 211 = 11*n. Is n a prime number?
True
Suppose 0 = 4*u + 3*u - 2*u. Let n be u - -4*2/4 - 1928. Let k = 3977 + n. Is k a prime number?
False
Let o = -10303 + 7025. Let d = 429 - o. Is d composite?
True
Suppose 0 = 615*k - 616*k + 10316. Is 1/2*k*(-2)/(-4) prime?
True
Let o(y) = -2*y**2 + 57*y - 155. Let s be o(38). Let g = s + 2384. Is g a prime number?
False
Suppose -286*d + 3230746 = -1138762. Is d a prime number?
False
Let k(c) = 2*c - 11. Let x be k(8). Let v be x + 3/((-15)/(-190)). Suppose 3*h = -3*d - h + 122, -2*d + 5*h = -v. Is d prime?
False
Let p be 4/(16/31) - (-2)/8. Suppose -p*k = -22289 + 7081. Is k composite?
False
Let u(a) = -21*a + 49. Let y(j) = 19*j - 49. Let z(l) = 3*u(l) + 2*y(l). Is z(-16) a prime number?
True
Let f(k) = 5*k**3 - 10*k**2 - 14*k + 16. Let n(b) = 4*b**3 - 11*b**2 - 15*b + 16. Let w(h) = 5*f(h) - 4*n(h). Is w(5) composite?
False
Is (-439742)/(-12) + (-6)/36 + 8 a composite number?
False
Suppose -14*x + 323 = 1 + 112. Let t(m) be the third derivative of m**6/120 - m**5/4 + m**4/4 + 37*m**3/6 - m**2. Is t(x) composite?
False
Is (-20)/(-35) + 2917325/175 prime?
False
Suppose 4 = -4*n, 2*x - 5*n = 7*x + 20. Is (13163 - 1) + (2 - 2 - x) a prime number?
False
Is 156/8 - 18 - 2/((-8)/2130062) prime?
False
Let y(t) = 70*t**2 - t + 20. Suppose -14*z = 3*z - 119. Is y(z) a prime number?
False
Suppose -13*a + 2153893 = 256634. Is a a composite number?
True
Suppose 4*c + 6294 = 10*c. Let x be (0 + c - 2)*3/(-9). Let y = x + 504. Is y prime?
False
Let n = 34634 + -5107. Is n a prime number?
True
Suppose 2*j - 42750 = -23*j. Suppose 3*s - j = 1011. Is s a prime number?
True
Suppose 921897 = 50*n - 41*n. Is n a prime number?
True
Let o(t) = -346*t + 929. Is o(-15) composite?
True
Let s(o) = 273*o + 100. Let r be (0/(-7) - -5)*63/15. Is s(r) a prime number?
False
Let r(h) = 9425*h - 94. Is r(3) prime?
True
Let l be 1*-5*163320/50. Is (-8)/48*l/2 prime?
True
Suppose -c + 200 = 4*s, 0*s + c + 50 = s. Let a = 54 - s. Suppose -b + i + 79 = 0, -a*i + 395 = 5*b + i. Is b composite?
False
Suppose -91*h + 129590 = -81*h. Is h a prime number?
True
Suppose 2*v - 2991814 = -4*l, -3*v = 245*l - 241*l - 4487733. Is v composite?
False
Let q(u) = -2 + 57*u**3 + 17 + 25*u - 58*u**3 - 11*u**2. Is q(-14) prime?
False
Is ((-586977)/(-18) - 0)*(20 - 14) a composite number?
False
Let f = -12 + 12. Suppose f*j = 2*j - 12. Suppose j*z - 2181 = -675. Is z a prime number?
True
Is 121769700/120 - 5/2 prime?
False
Suppose -3*t + 5*b = -1653272, 9*b - 10 = 7*b. Is t a composite number?
False
Let u(t) = -6*t**3 + t**2 + 2*t. Let f be u(2). Let z = -35 - f. Suppose 5*k - 108 = -5*o + 317, -z*k + 5*o + 445 = 0. Is k a prime number?
False
Let q = -469 + 510. Suppose q*o - 37*o = 11708. Is o prime?
True
Let m(y) = 411*y**2 - 39*y + 5. Let x = -448 - -451. Is m(x) composite?
True
Let f(a) = -17844*a**3 + 6*a**2 + a - 3. Is f(-2) composite?
False
Suppose -154*i + 7057853 + 1758801 = 0. Is i composite?
False
Let j be (0 - 5 - 19) + 3*1. Let b = j + 21. Suppose 0*g - 2*g = 3*d - 3269, -2*d - 3*g + 2186 = b. Is d a prime number?
True
Suppose 386*u = -4*v + 389*u + 20992, -5*u = 20. Let o(b) = -1255*b**3 - b**2. Let i be o(1). Let q = i + v. Is q prime?
True
Let f(c) = 2*c**2 - 5*c + 3. Let r be f(3). Let p(t) = t**3 - 6*t**2 + 3*t - 16. Let n be p(r). Suppose -n*b + 536 = -126. Is b prime?
True
Suppose -4*r = 3*u + r - 28, u + 2*r = 10. Suppose 987 = u*h - 159. Is h a composite number?
False
Let k be 4754/2 - (-10 + 11). Let w(c) = -16*c + 36. Let u be w(2). Suppose -u*b - 1594 = -2*t, k = 3*t - 0*t - 3*b. Is t prime?
True
Let o = 6292 - 2765. Is o a prime number?
True
Let i = -150 - -154. Let s(u) = 557*u - 9. Is s(i) a prime number?
False
Suppose -4*b - 77870 = 183810. Is (-3)/(6/b)*(-109)/(-218) a composite number?
True
Let q = 47085 - -110248. Is q a composite number?
True
Let f(q) = 24*q**2 - 18*q + 50. Suppose -b - 99 = 8*b. Let p(y) = 12*y**2 - 9*y + 25. Let n(k) = b*p(k) + 6*f(k). Is n(6) prime?
False
Let j(i) be the second derivative of i**5 - i**4/4 - 19*i**3/6 + 7*i**2 + 8*i. Let k(q) be the first derivative of j(q). Is k(-6) a composite number?
True
Suppose 4*b = -2*q + 1774218, q = -458*b + 455*b + 887111. Is q a composite number?
True
Suppose 5*h + 345469 = 2*z + 52253, -5*h = 4*z - 586462. Is z composite?
True
Let d be -27*(8 - 148/18). Is 1259/(4/(-8) - (-9)/d) a composite number?
False
Let v be (-1 + 0 + 0)*0. Suppose v = -5*f + 5*z - 2664 + 24399, 2*f - 5*z = 8691. Suppose -2*r = -2*h - 2174, 8*r - 4*r + 4*h - f = 0. Is r a composite number?
False
Let o(z) be the third derivative of z**6/120 + z**5/5 - z**4/12 - 5*z**3/2 - 309*z**2. Let j(f) = -f**3 - 6*f**2 - 8. Let a be j(-6). Is o(a) prime?
True
Let q(j) = -j**3 + 6*j**2 - 2*j + 25. Let t be q(6). Let h(w) = 6*w**3 - 11*w**2 - 4*w + 134. Is h(t) a composite number?
True
Suppose 3*y = -3*f + 37089, 437*f + 24742 = 439*f - 2*y. Is f a composite number?
True
Let n(j) = 1178 + 497 + 4*j**2 + 675 - 3*j**2. Let v be n(0). Suppose 5*z - v = -0*z - 3*w, -4*w - 914 = -2*z. Is z a prime number?
True
Suppose 17*l = 2*l + 60. Suppose -4*g + 3*g + 5*z + 686 = 0, -g - l*z = -695. Is g prime?
True
Suppose 0 = 35*l + 22*l - 84*l + 1387341. Is l a prime number?
True
Let b = 287 + 7397. Suppose 0 = 4*j + 10 + 2, b = 5*c + 2*j. Is c composite?
True
Suppose 3*y + 4*f = 0, 3*y + 0 - 15 = f. Is 70/140*y*11422/4 a composite number?
False
Suppose 0*v = 5*v - 4*n - 1368061, 4*v + 8*n - 1094460 = 0. Is v prime?
True
Let a(o) be the third derivative of o**6/30 + o**5/60 + o**4/24 + 13*o**3/6 - 95*o**2. Is a(6) a composite number?
False
Let y(v) = -3*v + 45. Let i be y(15). Suppose i = -2*c + 5*m - 4697, 2*c + 2343 = c - 3*m. Let g = -803 - c. Is g a composite number?
False
Is ((-5805 - 3) + 14)*(-29)/2 a prime number?
False
Suppose 1885 = 2*n + j, -5*n = -4*j + 5*j - 4711. Let x = 1013 + -1009. Suppose 0 = x*g - n - 1222. Is g prime?
True
Suppose -37*f + 2873714 = -3*f. Is f composite?
False
Suppose 53*c + 210 = 58*c. Suppose 5*s = -7 + c. Suppose 0 = 3*h - s*h + 652. Is h a composite number?
False
Let b be (0 - -2) + 0/5. Suppose -2*a - 27 = 5*g + b*a, 2*g + a + 9 = 0. Is -491*(6 + g + -4) a prime number?
True
Suppose 0 = 2*y - 71 + 61. Let g(n) = 83*n + 30. Is g(y) prime?
False
Let v = -199 - -417. Is -11 + 6 + 6 - -2*v a composite number?
True
Let v(l) = 3*l + 6*l - 7 + 11*l**2 - 4*l**2. Let x = -2754 - -2763. Is v(x) composite?
False
Let z = 271123 + 437518. Is z a prime number?
True
Suppose -5*i + 3*i = 2*h - 6032, -2*h - 3013 = -i. Suppose -4*w - 3*k = k - 12044,